 divide 5867370?
True
Does 19 divide 5305069306?
True
Is 1109 a factor of 846167?
True
Is 33625053 a multiple of 1203?
True
Is 286410588 a multiple of 2260?
False
Does 173 divide 20660525?
True
Does 40 divide 46683680?
True
Is 15 a factor of 6613040?
False
Is 156738940 a multiple of 10?
True
Is 29 a factor of 132800567?
False
Is 11 a factor of 711949192?
False
Is 409 a factor of 2064136701?
True
Is 84 a factor of 79680384?
True
Does 430 divide 90137890?
True
Does 37 divide 89061151?
False
Is 46 a factor of 6914019236?
True
Does 15 divide 1147620?
True
Is 154545834 a multiple of 4?
False
Is 27550380 a multiple of 1014?
True
Is 1757000 a multiple of 500?
True
Does 278 divide 19474936?
False
Is 4 a factor of 28342401?
False
Is 251 a factor of 1570108867?
False
Does 91 divide 679582725?
False
Is 21 a factor of 11178443?
False
Is 1888 a factor of 200463827?
False
Is 7600458 a multiple of 6?
True
Does 2364 divide 1195708836?
True
Is 70230315 a multiple of 2465?
True
Is 10487565 a multiple of 55?
True
Is 60 a factor of 221875680?
True
Is 162516578 a multiple of 289?
False
Does 13 divide 11945493?
False
Is 28610082 a multiple of 102?
True
Is 544192836 a multiple of 3126?
True
Is 53 a factor of 23356878?
False
Is 303 a factor of 386253492?
True
Is 390442276 a multiple of 5?
False
Is 143209918 a multiple of 16?
False
Is 2397852 a multiple of 129?
True
Is 11689389 a multiple of 2521?
False
Is 10 a factor of 348989931?
False
Is 231141728 a multiple of 16?
True
Is 207321129 a multiple of 926?
False
Does 328 divide 23049506?
False
Is 23773905 a multiple of 459?
True
Is 25067448 a multiple of 85?
False
Does 583 divide 208371779?
True
Does 1119 divide 32739451?
False
Is 7138 a factor of 41983301?
False
Does 191 divide 10609477?
True
Does 241 divide 31413145?
True
Does 30 divide 438721560?
True
Does 14 divide 151935336?
True
Does 2209 divide 82461863?
False
Does 2213 divide 21443667?
False
Is 173 a factor of 325037401?
False
Does 245 divide 14884816?
False
Is 67 a factor of 96585040?
False
Is 138321497 a multiple of 34?
False
Is 151 a factor of 952389152?
False
Is 10 a factor of 232379490?
True
Is 32060351 a multiple of 12?
False
Is 124781690 a multiple of 470?
False
Is 218973690 a multiple of 1170?
True
Is 1084195584 a multiple of 4146?
True
Does 213 divide 92627097?
True
Is 110333993 a multiple of 21?
False
Is 31 a factor of 19854437?
False
Is 9 a factor of 302745175?
False
Does 4 divide 83580968?
True
Does 11 divide 361745813?
True
Is 48495033 a multiple of 123?
False
Does 241 divide 7396531?
True
Is 45 a factor of 811363245?
False
Does 445 divide 3752719509?
False
Does 2253 divide 103586181?
True
Is 30487345 a multiple of 23?
False
Is 41 a factor of 1043153290?
False
Does 6543 divide 3309535015?
False
Is 44167338 a multiple of 241?
False
Is 32885784 a multiple of 24?
True
Does 5 divide 3829505?
True
Does 3083 divide 92132063?
False
Is 294127580 a multiple of 125?
False
Does 229 divide 190484261?
True
Does 23 divide 331755611?
True
Is 25352040 a multiple of 40?
True
Is 486810571 a multiple of 13?
True
Is 14 a factor of 59970665?
False
Is 3413844 a multiple of 36?
True
Is 4925691804 a multiple of 682?
True
Is 18 a factor of 109281252?
False
Is 724172434 a multiple of 1058?
True
Does 25 divide 5202802?
False
Is 3742 a factor of 1704671496?
False
Does 24 divide 79880904?
True
Is 10 a factor of 439265692?
False
Is 2247679446 a multiple of 857?
False
Does 20 divide 527361443?
False
Is 291 a factor of 50658735?
True
Does 180 divide 716769598?
False
Does 613 divide 13487454?
False
Is 99442554 a multiple of 51?
True
Does 54 divide 2372792292?
True
Is 149 a factor of 2663208567?
True
Is 78 a factor of 80084177?
False
Is 1803 a factor of 2069218359?
True
Is 202280754 a multiple of 2067?
True
Is 71 a factor of 263318410?
True
Is 54 a factor of 8968050?
True
Does 1649 divide 93796769?
True
Is 7945677 a multiple of 369?
True
Is 101 a factor of 46417378?
True
Is 138 a factor of 468139173?
False
Does 23 divide 506431687?
True
Is 28 a factor of 23233160?
False
Is 332011339 a multiple of 361?
True
Is 72 a factor of 956813904?
True
Is 3436 a factor of 21090241?
False
Is 87292527 a multiple of 147?
False
Is 1680993226 a multiple of 506?
True
Is 25 a factor of 1241865125?
True
Is 13 a factor of 14283936?
False
Does 45 divide 359637081?
False
Is 93 a factor of 15796268?
False
Is 2107 a factor of 521731126?
True
Is 14 a factor of 108632463?
False
Does 155 divide 4504209?
False
Does 70 divide 44434223?
False
Is 383 a factor of 3302107270?
True
Does 2894 divide 171637352?
True
Is 156175586 a multiple of 68?
False
Is 88 a factor of 1287254851?
False
Is 52249120 a multiple of 22?
True
Is 2 a factor of 264001134?
True
Is 880759608 a multiple of 46?
True
Does 1231 divide 69899873?
True
Does 3 divide 3508190?
False
Is 14 a factor of 783707522?
False
Is 12974650 a multiple of 13?
True
Does 1376 divide 177311360?
True
Is 337 a factor of 243130272?
False
Is 13 a factor of 386213389?
False
Is 154514087 a multiple of 13?
True
Is 571 a factor of 3743221905?
True
Does 4 divide 15995430?
False
Is 409 a factor of 2599438355?
True
Is 418344482 a multiple of 429?
False
Is 103319304 a multiple of 1038?
False
Does 4 divide 33186105?
False
Does 5 divide 15050355?
True
Is 115 a factor of 43785330?
True
Does 297 divide 1753679565?
True
Is 93270570 a multiple of 1179?
False
Does 17 divide 2067710?
True
Does 1797 divide 180061197?
True
Is 178506090 a multiple of 67?
True
Is 55737000 a multiple of 9?
True
Does 2005 divide 1822516762?
False
Is 287880875 a multiple of 245?
False
Is 582 a factor of 22883172?
False
Does 253 divide 45941511?
True
Is 927192272 a multiple of 471?
False
Does 280 divide 284753803?
False
Is 90713010 a multiple of 26?
False
Is 5725118 a multiple of 564?
False
Does 925 divide 31433350?
True
Is 145878820 a multiple of 820?
True
Is 6705369 a multiple of 11?
True
Is 63 a factor of 13899627?
True
Does 18 divide 51362088?
False
Is 4341 a factor of 91685708?
False
Is 24 a factor of 81834117?
False
Is 13 a factor of 52153443?
False
Is 72 a factor of 4248787?
False
Is 169691471 a multiple of 3488?
False
Is 66421890 a multiple of 1479?
True
Does 116 divide 337794474?
False
Does 50 divide 361897600?
True
Is 1140740976 a multiple of 1714?
False
Is 164265932 a multiple of 932?
True
Is 1483627314 a multiple of 91?
False
Is 1496948654 a multiple of 32?
False
Does 3248 divide 14830885?
False
Does 21 divide 98783185?
False
Does 546 divide 1168513?
False
Is 1258235121 a multiple of 59?
True
Is 1608922476 a multiple of 9?
True
Is 22 a factor of 23049336?
False
Does 18 divide 341272486?
False
Is 10933874 a multiple of 7?
True
Does 701 divide 380692070?
True
Is 579 a factor of 3203777805?
True
Does 24 divide 1081049244?
False
Is 44 a factor of 1665859295?
False
Is 19 a factor of 2808079160?
True
Is 2826 a factor of 106081850?
False
Is 17 a factor of 251538154?
True
Is 3045919947 a multiple of 813?
True
Is 16100159 a multiple of 311?
True
Is 8538829 a multiple of 806?
False
Does 1645 divide 12755986?
False
Is 76 a factor of 350624119?
False
Is 122289405 a multiple of 7?
True
Does 113 divide 4949852?
True
Is 1415016198 a multiple of 29?
True
Is 52211736 a multiple of 148?
True
Is 145 a factor of 39163340?
True
Does 3 divide 21807608?
False
Is 56 a factor of 24575656?
True
Does 11 divide 122610554?
True
Does 24 divide 12446832?
True
Is 20 a factor of 3673189141?
False
Does 375 divide 91651070?
False
Does 67 divide 220311611?
True
Is 60 a factor of 266450109?
False
Does 2447 divide 14684175?
False
Is 8 a factor of 75708776?
True
Is 161912790 a multiple of 684?
False
Is 29899009 a multiple of 4?
False
Is 7 a factor of 35266724?
False
Is 68 a factor of 87723868?
False
Is 5329954 a multiple of 87?
False
Is 1919 a factor of 42053323?
False
Is 13957624 a multiple of 8?
True
Is 259 a factor of 156338098?
True
Is 2791 a factor of 22101388?
False
Is 55510847 a multiple of 406?
False
Is 1611470 a multiple of 5?
True
Is 1061 a factor of 2941342396?
True
Is 12 a factor of 637718529?
False
Does 90 divide 112988148?
False
Is 1026 a factor of 1302513156?
True
Does 17 divide 2306713806?
False
Is 5312 a factor of 23755418?
False
Is 153032888 a multiple of 126?
False
Is 32 a factor of 84096768?
True
Does 103 divide 18